{"id":776,"date":"2023-11-20T14:14:01","date_gmt":"2023-11-20T14:14:01","guid":{"rendered":"https:\/\/www.pegasus-apothekenvertretung.com\/?page_id=776"},"modified":"2024-01-03T11:15:52","modified_gmt":"2024-01-03T10:15:52","slug":"776-2","status":"publish","type":"page","link":"https:\/\/www.pegasus-apothekenvertretung.com\/?page_id=776","title":{"rendered":"Impressum"},"content":{"rendered":"<p>[et_pb_section fb_built=&#8220;1&#8243; _builder_version=&#8220;4.23.1&#8243; _module_preset=&#8220;default&#8220; global_colors_info=&#8220;{}&#8220;][et_pb_row _builder_version=&#8220;4.23.1&#8243; _module_preset=&#8220;default&#8220; global_colors_info=&#8220;{}&#8220;][et_pb_column type=&#8220;4_4&#8243; _builder_version=&#8220;4.23.1&#8243; _module_preset=&#8220;default&#8220; global_colors_info=&#8220;{}&#8220;][et_pb_blurb title=&#8220;Impressum&#8220; image=&#8220;https:\/\/www.pegasus-apothekenvertretung.com\/wp-content\/uploads\/2023\/11\/cropped-Pegasus-_Logo_web.jpg&#8220; _builder_version=&#8220;4.23.1&#8243; _module_preset=&#8220;default&#8220; header_font_size=&#8220;40px&#8220; header_letter_spacing=&#8220;1px&#8220; body_font_size=&#8220;22px&#8220; body_letter_spacing=&#8220;1px&#8220; hover_enabled=&#8220;0&#8243; global_colors_info=&#8220;{}&#8220; sticky_enabled=&#8220;0&#8243;]<\/p>\n<div class=\"wpb_column vc_column_container vc_col-sm-6\">\n<div class=\"vc_column-inner\">\n<div class=\"wpb_wrapper\">\n<div class=\"qode-accordion-holder clearfix qode-toggle qode-initial accordion ui-accordion ui-accordion-icons ui-widget ui-helper-reset\">\n<div class=\"qode-accordion-content ui-accordion-content ui-helper-reset ui-widget-content ui-corner-bottom ui-accordion-content-active\">\n<div class=\"qode-accordion-content-inner\">\n<div class=\"wpb_text_column wpb_content_element \">\n<div class=\"wpb_wrapper\">\n<h6><b>Betreiber \/ Verantwortlicher Website:<\/b><\/h6>\n<p>Ralph Husung<br \/>Juri- Gagarin- Ring 154<br \/>D-99084 Erfurt<br \/>Tel.: +49 162\/9833634<br \/>E-Mail: ralphhusung@protonmail.com<strong><\/strong><\/p>\n<p><span style=\"text-decoration: underline;\">Berufsbezeichnung:<\/span> Apotheker \/ Staatsexamen<\/p>\n<p><span style=\"text-decoration: underline;\">Steuernummer:<\/span> 96192347087<\/p>\n<p><span style=\"text-decoration: underline;\">Umsatzsteuernummer:<\/span><\/p>\n<p><span style=\"text-decoration: underline;\">Aufsichtsbeh\u00f6rde:<\/span> Th\u00fcringer Landesapothekerkammer: <a href=\"http:\/\/www.lakt.de\">www.lakt.de<\/a><\/p>\n<p><span style=\"text-decoration: underline;\">Berufsordnung:<\/span> www.lakt.de\/berufsordnung<\/p>\n<p>&nbsp;<\/p>\n<h6><b>Haftung f\u00fcr Inhalte:<\/b><\/h6>\n<p>Als Dienstleister bin ich gem\u00e4\u00df \u00a7 7 Abs.1 TMG f\u00fcr eigene Inhalte auf diesen Seiten nach den allgemeinen Gesetzen verantwortlich. Nach \u00a7\u00a7 8 bis 10 TMG bin ich als Diensteleister jedoch nicht verpflichtet, \u00fcbermittelte oder gespeicherte fremde Informationen zu \u00fcberwachen oder nach jedweden Umst\u00e4nden zu forschen, die auf eine rechtswidrige T\u00e4tigkeit hinweisen.<\/p>\n<p>M\u00f6gliche Verpflichtungen zur Entfernung bzw. Sperrung der Nutzung von Informationen nach den allgemeinen Gesetzen sind hiervon unber\u00fchrt. Eine\u00a0 Haftung in Bezug auf diese Daten, ist jedoch erst ab dem Zeitpunkt der Kenntnis einer konkreten Rechtsverletzung m\u00f6glich. Bei dem Bekanntwerden\u00a0 werden wir diese Inhalte jedoch umgehend entfernen.<\/p>\n<p>&nbsp;<\/p>\n<h6><b>Haftung f\u00fcr Verlinkungen:<\/b><\/h6>\n<p>Unser Angebot enth\u00e4lt Links zu externen Websites Dritter, auf deren Inhalte wir keinen Einfluss haben. Deshalb k\u00f6nnen wir f\u00fcr diese fremden Inhalte auch keine Gew\u00e4hr \u00fcbernehmen. F\u00fcr die Inhalte der verlinkten Seiten ist stets der jeweilige Anbieter oder Betreiber der Seiten verantwortlich. Die verlinkten Seiten wurden zum Zeitpunkt der Verlinkung auf m\u00f6gliche Rechtsverst\u00f6\u00dfe \u00fcberpr\u00fcft. Rechtswidrige Inhalte waren zum Zeitpunkt der Verlinkung nicht erkennbar.<\/p>\n<p>Eine permanente inhaltliche Kontrolle der verlinkten Seiten ist jedoch ohne konkrete Anhaltspunkte einer Rechtsverletzung nicht zumutbar. Bei Bekanntwerden von Rechtsverletzungen werden wir derartige Links umgehend entfernen.<\/p>\n<p>&nbsp;<\/p>\n<h6><b>Urheberrecht:<\/b><\/h6>\n<p>Die durch den Seitenbetreiber erstellte Inhalte und Werke auf diesen Seiten unterliegen dem deutschen Urheberrecht. Die Vervielf\u00e4ltigung, Bearbeitung, Verbreitung und jede Art der Verwertung au\u00dferhalb der Grenzen des Urheberrechtes bed\u00fcrfen der schriftlichen Zustimmung des jeweiligen Autors bzw. Erstellers. Downloads und Kopien dieser Seite sind nur f\u00fcr den privaten, nicht kommerziellen Gebrauch gestattet.<\/p>\n<p>Soweit die Inhalte auf dieser Seite nicht vom Betreiber erstellt wurden, werden die Urheberrechte Dritter beachtet. Insbesondere werden Inhalte Dritter als solche gekennzeichnet. Sollten Sie trotzdem auf eine Urheberrechtsverletzung aufmerksam werden, bitten wir um einen entsprechenden Hinweis. Bei Bekanntwerden von Rechtsverletzungen werden wir derartige Inhalte umgehend entfernen.<\/p>\n<\/div>\n<\/div>\n<\/div>\n<\/div>\n<\/div>\n<\/div>\n<\/div>\n<\/div>\n<div class=\"wpb_column vc_column_container vc_col-sm-6\">\n<div class=\"vc_column-inner\">\n<div class=\"wpb_wrapper\">\n<div class=\"qode-accordion-holder clearfix qode-toggle qode-initial accordion ui-accordion ui-accordion-icons ui-widget ui-helper-reset\">\n<h3 class=\"clearfix qode-title-holder ui-accordion-header ui-state-default ui-corner-top ui-corner-bottom\"><span class=\"qode-tab-title\"> <span class=\"qode-tab-title-inner\"><br \/><\/span><\/span><\/h3>\n<\/div>\n<\/div>\n<\/div>\n<\/div>\n<p>[\/et_pb_blurb][\/et_pb_column][\/et_pb_row][\/et_pb_section]<\/p>\n","protected":false},"excerpt":{"rendered":"<p>Betreiber \/ Verantwortlicher Website: Ralph HusungJuri- Gagarin- Ring 154D-99084 ErfurtTel.: +49 162\/9833634E-Mail: ralphhusung@protonmail.com Berufsbezeichnung: Apotheker \/ Staatsexamen Steuernummer: 96192347087 Umsatzsteuernummer: Aufsichtsbeh\u00f6rde: Th\u00fcringer Landesapothekerkammer: www.lakt.de Berufsordnung: www.lakt.de\/berufsordnung &nbsp; Haftung f\u00fcr Inhalte: Als Dienstleister bin ich gem\u00e4\u00df \u00a7 7 Abs.1 TMG f\u00fcr eigene Inhalte auf diesen Seiten nach den allgemeinen Gesetzen verantwortlich. Nach \u00a7\u00a7 8 bis 10 [&hellip;]<\/p>\n","protected":false},"author":1,"featured_media":0,"parent":0,"menu_order":0,"comment_status":"closed","ping_status":"closed","template":"","meta":{"_et_pb_use_builder":"on","_et_pb_old_content":"","_et_gb_content_width":"","footnotes":""},"class_list":["post-776","page","type-page","status-publish","hentry"],"_links":{"self":[{"href":"https:\/\/www.pegasus-apothekenvertretung.com\/index.php?rest_route=\/wp\/v2\/pages\/776","targetHints":{"allow":["GET"]}}],"collection":[{"href":"https:\/\/www.pegasus-apothekenvertretung.com\/index.php?rest_route=\/wp\/v2\/pages"}],"about":[{"href":"https:\/\/www.pegasus-apothekenvertretung.com\/index.php?rest_route=\/wp\/v2\/types\/page"}],"author":[{"embeddable":true,"href":"https:\/\/www.pegasus-apothekenvertretung.com\/index.php?rest_route=\/wp\/v2\/users\/1"}],"replies":[{"embeddable":true,"href":"https:\/\/www.pegasus-apothekenvertretung.com\/index.php?rest_route=%2Fwp%2Fv2%2Fcomments&post=776"}],"version-history":[{"count":6,"href":"https:\/\/www.pegasus-apothekenvertretung.com\/index.php?rest_route=\/wp\/v2\/pages\/776\/revisions"}],"predecessor-version":[{"id":951,"href":"https:\/\/www.pegasus-apothekenvertretung.com\/index.php?rest_route=\/wp\/v2\/pages\/776\/revisions\/951"}],"wp:attachment":[{"href":"https:\/\/www.pegasus-apothekenvertretung.com\/index.php?rest_route=%2Fwp%2Fv2%2Fmedia&parent=776"}],"curies":[{"name":"wp","href":"https:\/\/api.w.org\/{rel}","templated":true}]}}