{"id":703,"date":"2023-11-18T22:12:50","date_gmt":"2023-11-18T22:12:50","guid":{"rendered":"https:\/\/www.pegasus-apothekenvertretung.com\/?page_id=703"},"modified":"2026-04-30T16:54:53","modified_gmt":"2026-04-30T14:54:53","slug":"leistungen","status":"publish","type":"page","link":"https:\/\/www.pegasus-apothekenvertretung.com\/?page_id=703","title":{"rendered":"Leistungen"},"content":{"rendered":"<p>[et_pb_section fb_built=&#8220;1&#8243; _builder_version=&#8220;4.16&#8243; global_colors_info=&#8220;{}&#8220;][et_pb_row column_structure=&#8220;1_2,1_2&#8243; _builder_version=&#8220;4.16&#8243; custom_padding=&#8220;||0px|&#8220; global_colors_info=&#8220;{}&#8220;][et_pb_column type=&#8220;1_2&#8243; _builder_version=&#8220;4.16&#8243; custom_padding=&#8220;|||&#8220; global_colors_info=&#8220;{}&#8220; custom_padding__hover=&#8220;|||&#8220;][et_pb_text quote_border_weight=&#8220;0px&#8220; quote_border_color=&#8220;rgba(0,0,0,0)&#8220; _builder_version=&#8220;4.23.4&#8243; text_font=&#8220;||||||||&#8220; text_font_size=&#8220;20px&#8220; link_font=&#8220;|100|||on|||#000000|&#8220; link_text_color=&#8220;#000000&#8243; quote_font=&#8220;Playfair Display||on||||||&#8220; quote_line_height=&#8220;1.3em&#8220; header_font=&#8220;|700|||||||&#8220; header_2_font=&#8220;|700|||||||&#8220; header_3_font=&#8220;|700|||||||&#8220; header_3_text_color=&#8220;#000000&#8243; header_4_letter_spacing=&#8220;12px&#8220; header_5_font=&#8220;|300|||||||&#8220; header_5_text_color=&#8220;#bfbfbf&#8220; header_5_letter_spacing=&#8220;12px&#8220; header_6_font=&#8220;|700|||||||&#8220; header_6_letter_spacing=&#8220;12px&#8220; module_alignment=&#8220;center&#8220; custom_margin_tablet=&#8220;&#8220; custom_margin_phone=&#8220;&#8220; custom_margin_last_edited=&#8220;on|tablet&#8220; quote_font_size_tablet=&#8220;&#8220; quote_font_size_phone=&#8220;&#8220; quote_font_size_last_edited=&#8220;on|desktop&#8220; saved_tabs=&#8220;all&#8220; locked=&#8220;off&#8220; global_colors_info=&#8220;{}&#8220;]<\/p>\n<h3>Apotheker mit Engagement<\/h3>\n<p>Langeweile, ist nicht wirklich mein Fall. Am wohlsten f\u00fchle ich mich, wenn ich zwischen den Patienten im HV nicht sp\u00fcre, wie die Zeit verfliegt.<\/p>\n<p>Es macht mir Freude die Eigenarten der Kunden in den verschiedenen Landstrichen von Deutschland kennenzulernen, mich immer wieder neu einzulassen auf sie und zu versuchen, ihnen mit meinem Wissen weiterzuhelfen.<\/p>\n<p>Gleichzeitig ist es spannend , die L\u00f6sungsans\u00e4tze f\u00fcr die vielf\u00e4ltigen Aufgaben in den Apotheken zu sehen und den Teams, die sie umsetzten, zu helfen.<\/p>\n<p>Wenn es gew\u00fcnscht wird, teile ich gern Erfahrungen, die ich in letzten Jahren in den verschiedenen Apotheken sammeln durfte.<\/p>\n<p>[\/et_pb_text][\/et_pb_column][et_pb_column type=&#8220;1_2&#8243; _builder_version=&#8220;4.16&#8243; custom_padding=&#8220;|||&#8220; global_colors_info=&#8220;{}&#8220; custom_padding__hover=&#8220;|||&#8220;][et_pb_image src=&#8220;https:\/\/www.pegasus-apothekenvertretung.com\/wp-content\/uploads\/2023\/12\/shutterstock_450400696_1.jpg&#8220; title_text=&#8220;shutterstock_450400696_1&#8243; align=&#8220;center&#8220; align_tablet=&#8220;center&#8220; align_phone=&#8220;center&#8220; align_last_edited=&#8220;on|desktop&#8220; _builder_version=&#8220;4.23.1&#8243; animation_style=&#8220;fade&#8220; animation_duration=&#8220;1500ms&#8220; box_shadow_style=&#8220;preset1&#8243; box_shadow_vertical=&#8220;0px&#8220; box_shadow_blur=&#8220;80px&#8220; box_shadow_color=&#8220;rgba(0,0,0,0.1)&#8220; global_colors_info=&#8220;{}&#8220;][\/et_pb_image][\/et_pb_column][\/et_pb_row][et_pb_row column_structure=&#8220;1_2,1_2&#8243; _builder_version=&#8220;4.16&#8243; custom_padding=&#8220;||0px|&#8220; global_colors_info=&#8220;{}&#8220;][et_pb_column type=&#8220;1_2&#8243; _builder_version=&#8220;4.23.1&#8243; _module_preset=&#8220;default&#8220; global_colors_info=&#8220;{}&#8220;][et_pb_image src=&#8220;https:\/\/www.pegasus-apothekenvertretung.com\/wp-content\/uploads\/2023\/12\/Selfi_f_AV-1.jpg&#8220; title_text=&#8220;Selfi_f_AV-(1)&#8220; _builder_version=&#8220;4.23.1&#8243; _module_preset=&#8220;default&#8220; custom_padding=&#8220;||25px|||&#8220; global_colors_info=&#8220;{}&#8220;][\/et_pb_image][et_pb_tabs active_tab_background_color=&#8220;#ffffff&#8220; inactive_tab_background_color=&#8220;rgba(0,0,0,0)&#8220; module_class=&#8220;sfly_tab_phoenix&#8220; _builder_version=&#8220;4.25.1&#8243; tab_text_color=&#8220;#000000&#8243; body_font=&#8220;|600|||||||&#8220; tab_font=&#8220;Josefin Sans|600||on|||||&#8220; tab_font_size=&#8220;16px&#8220; tab_letter_spacing=&#8220;4px&#8220; custom_css_tab=&#8220;padding-top: 5px;&#8220; border_color_all=&#8220;#f2f2f2&#8243; global_colors_info=&#8220;{}&#8220;][et_pb_tab title=&#8220;Fahrtkosten&#8220; _builder_version=&#8220;4.25.1&#8243; body_font=&#8220;||||||||&#8220; body_text_color=&#8220;#404040&#8243; body_font_size=&#8220;20px&#8220; global_colors_info=&#8220;{}&#8220;]<\/p>\n<p>Es werden durch mich pro Fahrtkilometer 0,38 \u20ac zuzgl. Mehrwertsteuer berechnet. Egal wieviele Wochen ich f\u00fcr Sie t\u00e4tig bin, es wird nur eine Hin,- und R\u00fcckfahrt berechnet. Grundlage ist die k\u00fcrzeste Route zwischen Erfurt Zentrum und ihrer Apotheke via Routenplaner durch Google Maps.<\/p>\n<p>Im Umkreis von 60km von Erfurt werden keine Fahrtkosten berechnet.<\/p>\n<p>[\/et_pb_tab][et_pb_tab title=&#8220;Unterkunft&#8220; _builder_version=&#8220;4.23.4&#8243; body_font=&#8220;||||||||&#8220; body_font_size=&#8220;20px&#8220; global_colors_info=&#8220;{}&#8220;]<\/p>\n<p>,F\u00fcr Vertretungen weiter als 60 km von Erfurt entfernt, ben\u00f6tige ich eine Unterkunft.<\/p>\n<p>Diese k\u00f6nnen Sie selbst stellen oder ich organisiere sie auf der Basis von lokalen Budget- Hotels selbst und f\u00fcge die Kosten der Rechnungs hinzu.<\/p>\n<p>F\u00fcr die Monate Dezember bis Mai sind Vertretungen m\u00f6glich ohne \u00a0Unterkunft und Fahrtkosten in Abh\u00e4ngigkeit von Dauer und Buchung im Voraus.<\/p>\n<p>&nbsp;<\/p>\n<p>[\/et_pb_tab][\/et_pb_tabs][\/et_pb_column][et_pb_column type=&#8220;1_2&#8243; _builder_version=&#8220;4.23.1&#8243; _module_preset=&#8220;default&#8220; global_colors_info=&#8220;{}&#8220;][et_pb_accordion open_toggle_text_color=&#8220;#000000&#8243; open_toggle_background_color=&#8220;#ffffff&#8220; closed_toggle_text_color=&#8220;#000000&#8243; closed_toggle_background_color=&#8220;#ffffff&#8220; icon_color=&#8220;#bfbfbf&#8220; _builder_version=&#8220;4.27.6&#8243; toggle_text_color=&#8220;#000000&#8243; toggle_font=&#8220;|700|||||||&#8220; toggle_font_size=&#8220;16px&#8220; body_font=&#8220;||||||||&#8220; custom_margin=&#8220;|||&#8220; hover_enabled=&#8220;0&#8243; custom_css_toggle=&#8220;margin-bottom: 15px !important;&#8220; custom_css_toggle_title=&#8220;padding-top: 5px !important;&#8220; custom_css_toggle_icon=&#8220;font-size: 24px;&#8220; global_colors_info=&#8220;{}&#8220; sticky_enabled=&#8220;0&#8243;][et_pb_accordion_item title=&#8220;Direktbuchung ohne Vermittlungskosten&#8220; _builder_version=&#8220;4.23.1&#8243; body_font_size=&#8220;20px&#8220; global_colors_info=&#8220;{}&#8220; open=&#8220;off&#8220;]<\/p>\n<p>Sie k\u00f6nnen direkt und ohne Geb\u00fchren f\u00fcr eine Vermittlung \u00fcber die Website langfristig ihre personellen Engp\u00e4sse planen.<\/p>\n<p>[\/et_pb_accordion_item][et_pb_accordion_item title=&#8220;Verg\u00fctung auf Honorarbasis&#8220; _builder_version=&#8220;4.25.1&#8243; body_font_size=&#8220;20px&#8220; global_colors_info=&#8220;{}&#8220; open=&#8220;off&#8220;]<\/p>\n<p>Sie bezahlen nur die geleistete Stundenzahl zuz\u00fcgl. der gesetzlichen Mehrwertsteuer. Kranken- und Sozialversicherungskosten ebenso wie Urlaubs,- Feiertags,- und Weiterbildungkosten entstehen nicht. Aktuell berechne ich die Vertretung je nach Saison und Situation zwischen 49,- und 54,- \u20ac \/ Stunde netto.<\/p>\n<p>Ver\u00e4nderungen im Jahresverlauf\u00a0 durch Tarif und Kostenver\u00e4nderungen sind m\u00f6glich, ber\u00fchren aber selbstverst\u00e4ndlich nicht bereits vereinbarte Buchungen.<\/p>\n<p>&nbsp;<\/p>\n<p>[\/et_pb_accordion_item][et_pb_accordion_item title=&#8220;Zuverl\u00e4ssige Vertretung&#8220; open=&#8220;off&#8220; _builder_version=&#8220;4.25.1&#8243; _module_preset=&#8220;default&#8220; body_font_size=&#8220;20px&#8220; global_colors_info=&#8220;{}&#8220;]<\/p>\n<p>Die von mir angenommenen Vertretungen, werden zu der vereinbarten Zeit gewissenhaft wahrgenommen. Mein durchschnittlicher Anzahl an Krankheitstagen liegt\u00a0 unterhalb von 5 Tage\/ Jahr \u00fcber die letzten 25 Jahre.<\/p>\n<p>[\/et_pb_accordion_item][et_pb_accordion_item title=&#8220;Fachliche Kompetenz&#8220; _builder_version=&#8220;4.25.1&#8243; _module_preset=&#8220;default&#8220; body_font_size=&#8220;20px&#8220; global_colors_info=&#8220;{}&#8220; open=&#8220;off&#8220;]<\/p>\n<p>Mit ann\u00e4hernd 30 Arbeitsjahren als Apotheker, kann ich auf einen breiten Erfahrungsschatz zur\u00fcckgreifen.<\/p>\n<p>Gleichzeitig sehe ich aktuelle Probleme und die Erfolge individueller L\u00f6sungsans\u00e4tze der Apotheken. Dadurch kann ich bei diversen aktuellen Fragen zur Bew\u00e4ltigung beitragen.<\/p>\n<p>[\/et_pb_accordion_item][et_pb_accordion_item title=&#8220;Nicht ohne Ihr Team&#8220; _builder_version=&#8220;4.23.1&#8243; _module_preset=&#8220;default&#8220; body_font_size=&#8220;20px&#8220; global_colors_info=&#8220;{}&#8220; open=&#8220;off&#8220;]<\/p>\n<p>Kunden- und Arztstruktur, Lage, Modernisierungsgrad und individuelle L\u00f6sungsstrategien gegen die extremen Belastungen durch unsere nationale Gesundheitspolitik macht jede Apotheke einzigartig. Kein Einzelk\u00e4mpfer allein kann das bew\u00e4ltigen. Ich freue mich ihr Team kennenzulernen und auf eine gute Zusammenarbeit.<\/p>\n<p>[\/et_pb_accordion_item][\/et_pb_accordion][\/et_pb_column][\/et_pb_row][\/et_pb_section][et_pb_section fb_built=&#8220;1&#8243; admin_label=&#8220;CTA 3&#8243; module_class=&#8220;sfly_cta sfly_cta_3&#8243; _builder_version=&#8220;4.16&#8243; global_colors_info=&#8220;{}&#8220;][et_pb_row _builder_version=&#8220;4.16&#8243; global_colors_info=&#8220;{}&#8220;][et_pb_column type=&#8220;4_4&#8243; _builder_version=&#8220;4.16&#8243; custom_padding=&#8220;|||&#8220; global_colors_info=&#8220;{}&#8220; custom_padding__hover=&#8220;|||&#8220;][et_pb_text _builder_version=&#8220;4.23.4&#8243; text_font=&#8220;||||||||&#8220; header_font=&#8220;||||||||&#8220; header_3_font=&#8220;|700|||||||&#8220; text_orientation=&#8220;center&#8220; max_width=&#8220;867px&#8220; module_alignment=&#8220;center&#8220; min_height=&#8220;14px&#8220; animation_style=&#8220;fade&#8220; locked=&#8220;off&#8220; global_colors_info=&#8220;{}&#8220;]<\/p>\n<h4>Sie ben\u00f6tigen eine Vertretung ?<\/h4>\n<p>&nbsp;<\/p>\n<p>[\/et_pb_text][et_pb_button button_url=&#8220;https:\/\/www.pegasus-apothekenvertretung.com\/?page_id=958&#8243; button_text=&#8220;Hier kommen Sie zur Buchung&#8220; button_alignment=&#8220;center&#8220; _builder_version=&#8220;4.23.4&#8243; custom_button=&#8220;on&#8220; button_text_size=&#8220;30px&#8220; button_text_color=&#8220;#F2F2F2&#8243; button_bg_color=&#8220;#a34447&#8243; button_border_width=&#8220;1px&#8220; button_border_radius=&#8220;50px&#8220; button_letter_spacing=&#8220;1px&#8220; button_font=&#8220;|600|||||||&#8220; button_use_icon=&#8220;off&#8220; custom_margin=&#8220;|||&#8220; custom_padding=&#8220;51px|36px|51px|36px|true|true&#8220; animation_style=&#8220;fade&#8220; animation_delay=&#8220;500ms&#8220; locked=&#8220;off&#8220; global_colors_info=&#8220;{}&#8220; button_text_size__hover_enabled=&#8220;off&#8220; button_one_text_size__hover_enabled=&#8220;off&#8220; button_two_text_size__hover_enabled=&#8220;off&#8220; button_text_color__hover_enabled=&#8220;off&#8220; button_one_text_color__hover_enabled=&#8220;off&#8220; button_two_text_color__hover_enabled=&#8220;off&#8220; button_border_width__hover_enabled=&#8220;off&#8220; button_one_border_width__hover_enabled=&#8220;off&#8220; button_two_border_width__hover_enabled=&#8220;off&#8220; button_border_color__hover_enabled=&#8220;off&#8220; button_one_border_color__hover_enabled=&#8220;off&#8220; button_two_border_color__hover_enabled=&#8220;off&#8220; button_border_radius__hover_enabled=&#8220;off&#8220; button_one_border_radius__hover_enabled=&#8220;off&#8220; button_two_border_radius__hover_enabled=&#8220;off&#8220; button_letter_spacing__hover_enabled=&#8220;off&#8220; button_one_letter_spacing__hover_enabled=&#8220;off&#8220; button_two_letter_spacing__hover_enabled=&#8220;off&#8220; button_bg_color__hover_enabled=&#8220;off&#8220; button_one_bg_color__hover_enabled=&#8220;off&#8220; button_two_bg_color__hover_enabled=&#8220;off&#8220;][\/et_pb_button][\/et_pb_column][\/et_pb_row][\/et_pb_section]<\/p>\n","protected":false},"excerpt":{"rendered":"<p>Apotheker mit Engagement Langeweile, ist nicht wirklich mein Fall. Am wohlsten f\u00fchle ich mich, wenn ich zwischen den Patienten im HV nicht sp\u00fcre, wie die Zeit verfliegt. Es macht mir Freude die Eigenarten der Kunden in den verschiedenen Landstrichen von Deutschland kennenzulernen, mich immer wieder neu einzulassen auf sie und zu versuchen, ihnen mit meinem [&hellip;]<\/p>\n","protected":false},"author":1,"featured_media":0,"parent":0,"menu_order":0,"comment_status":"closed","ping_status":"closed","template":"","meta":{"_et_pb_use_builder":"on","_et_pb_old_content":"","_et_gb_content_width":"","footnotes":""},"class_list":["post-703","page","type-page","status-publish","hentry"],"_links":{"self":[{"href":"https:\/\/www.pegasus-apothekenvertretung.com\/index.php?rest_route=\/wp\/v2\/pages\/703","targetHints":{"allow":["GET"]}}],"collection":[{"href":"https:\/\/www.pegasus-apothekenvertretung.com\/index.php?rest_route=\/wp\/v2\/pages"}],"about":[{"href":"https:\/\/www.pegasus-apothekenvertretung.com\/index.php?rest_route=\/wp\/v2\/types\/page"}],"author":[{"embeddable":true,"href":"https:\/\/www.pegasus-apothekenvertretung.com\/index.php?rest_route=\/wp\/v2\/users\/1"}],"replies":[{"embeddable":true,"href":"https:\/\/www.pegasus-apothekenvertretung.com\/index.php?rest_route=%2Fwp%2Fv2%2Fcomments&post=703"}],"version-history":[{"count":44,"href":"https:\/\/www.pegasus-apothekenvertretung.com\/index.php?rest_route=\/wp\/v2\/pages\/703\/revisions"}],"predecessor-version":[{"id":1066,"href":"https:\/\/www.pegasus-apothekenvertretung.com\/index.php?rest_route=\/wp\/v2\/pages\/703\/revisions\/1066"}],"wp:attachment":[{"href":"https:\/\/www.pegasus-apothekenvertretung.com\/index.php?rest_route=%2Fwp%2Fv2%2Fmedia&parent=703"}],"curies":[{"name":"wp","href":"https:\/\/api.w.org\/{rel}","templated":true}]}}